15. Let k(w) be the first derivative of -w**4/4 - w**3/3 + w**2/2 + 5*w + 2. Calculate k(j).
5
Let w(j) = j**2 + 3*j + 1. Let u(b) = -3*b + 3. Let c be u(3). Let z be 3*1/(-2)*20/15. Let t be 31/c + z/(-12). Determine w(t).
11
Suppose -20 = 4*c + o + 3*o, 3*c - 2*o = 10. Let g(q) = 2*q - 3 + 1 - 2 + c. Give g(5).
6
Let j(f) = f**3 - 4*f**2 + f - 4. Let a = -48 - -78. Let p be ((-4)/10)/((-2)/a). Let k = p + -2. Calculate j(k).
0
Let v(l) = -l. Let i be v(2). Let w(a) = -a + 13. Let u be w(11). Let r(y) = 4 - u*y - y**2 - 2 + 2*y - 2*y. Calculate r(i).
2
Let m = 5 + 2. Let d(k) = -k + 14 - 11 - m. What is d(-6)?
2
Let g(w) be the first derivative of -w**6/120 - 7*w**5/60 - 5*w**4/24 - w**3/3 - 3*w**2/2 + 2. Let m(o) be the second derivative of g(o). Give m(-6).
-8
Let y(z) = 2*z - 4 - z**3 - 4*z**2 + 2*z**3 - z**2. Let l = 41 - 37. Give y(l).
-12
Let l(w) = w**2 + 2*w. Let i be l(-3). Let v(h) = 2 + 0*h + i*h - 2*h. Let j be v(3). Let c(y) = -y - 1. Give c(j).
-6
Let q(j) = -4*j - 6. Let r = 15 - 19. Give q(r).
10
Let j = 7 + -3. Suppose 0 = -j*c - 0*c - 20. Let t = 7 + c. Let w(y) = -7*y + 1. Give w(t).
-13
Let c(k) = -k**2 + 3*k + 3. Let l be c(3). Suppose -5 = -h + 4*z + 18, -z + 4 = l*h. Let o(m) = 2 - 4*m**2 + 6*m**2 - 4*m - m**2. What is o(h)?
-1
Let b be 66/44*(-7 - -1). Let x(c) = c**3 + 9*c**2 + 11. Give x(b).
11
Suppose -2*b - 2*j - 18 = -6*j, 3*j = -4*b + 19. Let p(o) be the third derivative of -o**5/20 - o**4/24 + o**3/6 - o**2. Determine p(b).
-3
Let i(g) be the first derivative of g**2 + g + 3. Suppose 2*u - 8 = -5*f, 4*f + 4 - 14 = -2*u. Suppose -3*y = 2*q, 5*q - 3*y + u = -6*y. Give i(q).
-5
Let s(l) = l**3 + 3*l**2 - 6*l + 7. Suppose 0*i + 4*c - 35 = 3*i, 5*i = 4*c - 45. Calculate s(i).
-13
Let r(g) = g + 1. Let x(b) = -2*b - 5. Let m(c) = 4*r(c) + x(c). Calculate m(2).
3
Let s(z) = z - 15. Let p be s(20). Let k(y) = y**2 - 4*y + 1. What is k(p)?
6
Let k(m) = 2*m - 3 - 11*m + 13*m. Determine k(-3).
-15
Let k(i) = -i**2 - 9*i - 1. Let j be (1/1)/(-2)*16/1. Give k(j).
7
Suppose 2*n - 5 = 3. Let y(q) = -q. Let l be y(-2). Let v(r) = 2 + 4*r + r**3 - r - n*r**l - 5*r. Give v(4).
-6
Let i be (1/3)/((-4)/12). Let g(a) = -a + 1. Let w be g(1). Let n(j) = w*j - 5*j**3 + 1 - j**2 + j + 11*j**3. Calculate n(i).
-7
Let n(u) = -11*u - 2. Let h(x) = 10*x + 2. Suppose 5*b + 0*d + 26 = 3*d, 0 = 4*d - 8. Let c(v) = b*n(v) - 5*h(v). Determine c(2).
-14
Suppose 2*r + 4 = -2*r - 2*g, 5*g + 4 = -4*r. Let p be 1*(1 - 1)/r. Let n(w) = w**2 - w - 4. Give n(p).
-4
Suppose 4*m + 7 = 31. Let h be (-2)/m + 4/12. Suppose 2*l - 3 + 13 = h. Let t(z) = z**2 + 4*z - 5. What is t(l)?
0
Let g(l) be the third derivative of l**5/30 - l**4/8 - 2*l**3/3 + 2*l**2 - 1. Give g(3).
5
Let i(w) = 1. Let c(m) = m + 8. Let q(y) = c(y) - 6*i(y). Let f be (16/6)/(-4)*-6. Suppose -f*d = -d. Determine q(d).
2
Let s(h) be the first derivative of -h**3/6 - h**2/2 - 4*h - 4. Let p(g) be the first derivative of s(g). What is p(0)?
-1
Let z(a) = -6*a**3 + a**2 - 5*a - 7. Let f(n) = 3*n**3 + 2*n + 3. Let m(s) = -5*f(s) - 2*z(s). Give m(-2).
15
Let x(f) = f**2 - 8*f + 4. Suppose -6*a = 2*a - 32. Give x(a).
-12
Let m(s) = s**2 + 6*s. Suppose -2*h = -8*a + 4*a + 4, 3*h = 6. Let w(i) = -3*i + 1. Let q be w(a). Give m(q).
-5
Let p(m) = 2*m - 1. Let k(j) = j**3 - 3*j**2 - 4*j - 2. Let g be k(4). Let t be 3*(0 - 3 - g). Calculate p(t).
-7
Let h(m) = m**2 + 5*m + 3. Let q(n) = -2*n. Let o(z) = 0*z + 3*z + 0*z - 2*z - 1. Let g(t) = 3*o(t) + q(t). Let r be g(0). Determine h(r).
-3
Let o(m) be the second derivative of m**6/120 - m**5/15 + m**3/3 + 2*m**2 - m. Let v(y) be the first derivative of o(y). What is v(4)?
2
Let d = -6 - -3. Let c = -2 - d. Let w(r) = -3*r. Let a(y) = -y. Let u(z) = 10*a(z) - 4*w(z). What is u(c)?
2
Let c = 215/9 + -8597/360. Let k(d) be the third derivative of 0*d + 3*d**2 - 1/15*d**5 + 1/6*d**4 - 1/2*d**3 + 0 - c*d**6. Calculate k(-5).
2
Suppose 0*i - 15 = -i. Let r be (-55)/i + (-4)/(-6). Let k(b) = b**3 - 5*b - 3. What is k(r)?
-15
Let h(z) = 10*z + 2 - 12*z - z**2 + 2 + 7*z. Calculate h(-3).
-20
Let o(c) = -3*c**2 - 1. Suppose -h - 19 = -5*a, -4*a + 4 - 23 = 3*h. Let x = h - -10. Determine o(x).
-4
Let q(g) = -2*g - 3. Let u(o) = -o**2 + o. Let t(c) = q(c) + u(c). Give t(0).
-3
Let v(b) = -b - 4. Suppose 0 = -0*y - 2*y. Suppose -f - 6 = -y. Give v(f).
2
Let j(p) = -p**2 + 6*p - 2. Let h be j(6). Let z(b) = -2 - b - 2*b**2 + 0*b**2 - b**3 + 0*b**2. Determine z(h).
0
Let z(v) = 3*v**2 + 24*v + 11. Let u(l) = -l**2 - 8*l - 4. Let j(o) = -17*u(o) - 6*z(o). Give j(-7).
9
Let a(h) = h**3 + 5*h**2 - 2*h - 4. Let b(m) = -m**3 + 4*m**2 + 3*m + 5. Suppose -9 + 16 = q. Suppose 0 = -q*d + 8*d - 5. Let i be b(d). What is a(i)?
6
Let w(s) be the second derivative of -5/6*s**3 + 5/12*s**4 - 6*s + 0 + 1/20*s**5 + 4*s**2. Determine w(-6).
2
Let x(s) = s**3 - 7*s**2 + 5*s + 8. Let j(k) = -k**3 + 7*k**2 - 5*k - 7. Let b(m) = -7*j(m) - 6*x(m). Determine b(6).
-5
Let j(c) = -c**2 - 6*c + 4. Let a be j(-7). Let g(y) = 6 + 3*y - 6 + 4. Calculate g(a).
-5
Let a(o) = 5*o + 4. Let h(j) = 1. Let f(c) = -a(c) + 3*h(c). Suppose -5*d - 6 = -21. Suppose -4*l - 15 = 5*n, d*n = 5*n - l - 7. Calculate f(n).
-6
Let c(p) be the first derivative of -p**2 - 1/24*p**4 - 1 + 1/6*p**3 + 0*p. Let i(b) be the second derivative of c(b). Give i(5).
-4
Suppose 0 = -2*y + 4*y - 10. Let g(b) = -b**3 - 4*b**2 + 5 - 5*b + 2*b**3 - 1. Give g(y).
4
Let a(o) = -6*o**2 + 2*o**2 - 6 - 6*o + 3*o**2. Let k be (-2)/3 - (-28)/6. Suppose -k*y + 3*c = -0*c + 31, 0 = -4*y + c - 21. Give a(y).
2
Let x(a) = -3 + 6 - 12 - 6 - a. Determine x(-9).
-6
Let s(c) = 2*c + 4. Let g be s(3). Let i = g - 7. Let d(j) = j**3 - 5*j**2 + 4*j - 3. Determine d(i).
-9
Suppose g + 12 = 3*z + 4*g, 0 = -5*z - g + 24. Suppose 2*q + 2*x - 12 = -0*q, -22 = -q - z*x. Let d(r) = -3 + q*r - 2 + 0*r + 3. What is d(4)?
6
Let x(u) = -8*u**3 - 1. Let d be 35/(-14)*2/5. Calculate x(d).
7
Let u = -1283/12 + 107. Let d(q) be the third derivative of -2/3*q**3 + 0*q + 2*q**2 + 0 + u*q**4. Calculate d(3).
2
Let y(h) = -h**3 - h**2 - 2*h - 3. Let v be y(-1). Let k(i) = -4*i. Let u(f) = 3*f. Let a(m) = 5*k(m) + 8*u(m). Determine a(v).
-4
Let c(p) be the third derivative of -p**5/6 + p**4/24 + 2*p**2. Suppose 5*r + 17 = -3*k, -4*k = -5*r - 10 - 14. Let x be -1*(0 + 4/r). Give c(x).
-9
Let f(k) = -k**2 + 0*k**2 - 1 + 18*k - 16*k - 4*k**3 + 0*k**3. Determine f(1).
-4
Let x(p) = -p**2 + 6*p + 8. Let n(t) = -t - 1. Let v(j) = -6*n(j) - x(j). Suppose 2*q + 28 = 4*z + 6*q, -z - 13 = -3*q. Determine v(z).
2
Let g(d) = 3*d - 4. Suppose -5*x = -10 - 5. Give g(x).
5
Suppose -5*d = 10 - 35. Let k(n) = 4*n + 3. Let t(l) = -5*l - 3. Let j(x) = d*t(x) + 6*k(x). Determine j(2).
1
Let u(i) be the first derivative of -1/3*i**3 - 5 + 5*i + 1/2*i**2. Let p(c) = -c + 2. Let q be p(2). Calculate u(q).
5
Let r(x) = -x**2 - 4*x + 7. Let f(i) = -i. Let o(w) = 4*f(w) - r(w). Let d(y) = y**2 - 1. Suppose -1 = -3*g - 4. Let m be d(g). Determine o(m).
-7
Let w(b) = b**2 - 3*b + 7. Let c(h) = 3*h**2 - 8*h + 20. Let t(o) = -3*c(o) + 8*w(o). Determine t(-4).
-20
Suppose 5*f - 1 - 24 = 0. Let d(j) = j. Let c(n) = -n - 1. Let r(u) = -10*u + 2. Let v(b) = -3*c(b) + r(b). Let w(g) = -5*d(g) - v(g). Give w(f).
5
Let l = -6 - -2. Let m(k) be the second derivative of -k**6/720 + k**5/120 + k**4/12 + k. Let p(t) be the third derivative of m(t). Give p(l).
5
Let s(k) be the third derivative of -k**5/60 + k**4/3 - k**3 + 21*k**2. Calculate s(6).
6
Suppose 0 = -3*m - 10 + 4. Let b(a) = -8*a - 1. Determine b(m).
15
Let b(h) = 0 - 6*h + 12*h**2 - h**3 - 5*h**2 + 3. Suppose -30 - 6 = -6*t. Determine b(t).
3
Suppose -2*s = -0*s - 2. Let b(w) be the third derivative of -1/60*w**5 + 1/24*w**4 + 0 - 2*w**2 - 1/6*w**3 + 0*w. What is b(s)?
-1
Let r be -3 - -3 - (1 + 0). Let p(a) = -6*a - 2. Let f(j) = -25*j - 9. Let m(d) = 4*f(d) - 18*p(d). Determine m(r).
-8
Let c(p) = p + 3. Suppose 8*h - 3*h = -10. Let d be (h/(-5))/(1/(-15)). Determine c(d).
-3
Let n = -1 - -6. Let y(h) = h - 2. Let c(t) = -2*t + 5. Let i(w) = 3*c(w) + 7*y(w). Determine i(n).
6
Let p(y) = 3*y - 2*y - 5 + 2. Let i be 3/(-4) + (-46)/(-8). Suppose w = i*w. Give p(w).
-3
Suppose -2*n = 3*y - 1 + 18, 0 = -3*n - 4*y - 24. Let a(d) = 3*d**2 + 7*d 